



{"id":3122,"date":"2019-04-08T11:04:06","date_gmt":"2019-04-08T09:04:06","guid":{"rendered":"http:\/\/www.medaid-h2020.eu\/?page_id=3122"},"modified":"2019-09-11T12:35:26","modified_gmt":"2019-09-11T10:35:26","slug":"eafe-2019","status":"publish","type":"page","link":"http:\/\/www.medaid-h2020.eu\/index.php\/eafe-2019\/","title":{"rendered":"EAFE 2019"},"content":{"rendered":"<p><img loading=\"lazy\" class=\"aligncenter wp-image-3123 size-full\" src=\"http:\/\/www.medaid-h2020.eu\/wp-content\/uploads\/2019\/04\/cabecera001-EAFE.jpg\" alt=\"\" width=\"1060\" height=\"350\" srcset=\"http:\/\/www.medaid-h2020.eu\/wp-content\/uploads\/2019\/04\/cabecera001-EAFE.jpg 1060w, http:\/\/www.medaid-h2020.eu\/wp-content\/uploads\/2019\/04\/cabecera001-EAFE-300x99.jpg 300w, http:\/\/www.medaid-h2020.eu\/wp-content\/uploads\/2019\/04\/cabecera001-EAFE-768x254.jpg 768w, http:\/\/www.medaid-h2020.eu\/wp-content\/uploads\/2019\/04\/cabecera001-EAFE-1024x338.jpg 1024w\" sizes=\"(max-width: 1060px) 100vw, 1060px\" \/><\/p>\n<p><strong>Venue:<\/strong> Santiago de Compostela, Spain<br \/>\n<strong>Date:<\/strong>\u00a02-4 April 2019<br \/>\n<strong>Web of the event:\u00a0<\/strong><a href=\"https:\/\/www.eafeconference2019.eu\/index.php\" target=\"_blank\" rel=\"noopener\">www.eafeconference2019.eu\/index.php<\/a><\/p>\n<p><strong>Measuring the impact of mass media on consumers purchase of aquaculture products<br \/>\n<\/strong>\u00c1ngel HERRERO, Mar\u00eda del Mar GARC\u00cdA-DE-LOS-SALMONES, Jos\u00e9 Manuel FERN\u00c1NDEZ, Jes\u00fas COLLADO, Andrea P\u00c9REZ, H\u00e9ctor SAN MART\u00cdN<\/p>\n<table style=\"border: none; background: transparent;\">\n<tbody>\n<tr style=\"background: transparent;\">\n<td style=\"border: none;\">\n<p style=\"text-align: LEFT;\"><a href=\"http:\/\/www.medaid-h2020.eu\/wp-content\/uploads\/2019\/04\/Abstract_EAFE2019_Herrero-et-al_UC.pdf\" target=\"_blank\" rel=\"noopener\"><img loading=\"lazy\" class=\"alignleft wp-image-2111\" src=\"http:\/\/www.medaid-h2020.eu\/wp-content\/uploads\/2018\/04\/adobe-24943-274x300.png\" alt=\"adobe-24943\" width=\"37\" height=\"41\" srcset=\"http:\/\/www.medaid-h2020.eu\/wp-content\/uploads\/2018\/04\/adobe-24943-274x300.png 274w, http:\/\/www.medaid-h2020.eu\/wp-content\/uploads\/2018\/04\/adobe-24943-768x840.png 768w, http:\/\/www.medaid-h2020.eu\/wp-content\/uploads\/2018\/04\/adobe-24943-937x1024.png 937w, http:\/\/www.medaid-h2020.eu\/wp-content\/uploads\/2018\/04\/adobe-24943.png 1756w\" sizes=\"(max-width: 37px) 100vw, 37px\" \/><\/a><a href=\"http:\/\/www.medaid-h2020.eu\/wp-content\/uploads\/2019\/04\/Abstract_EAFE2019_Herrero-et-al_UC.pdf\" target=\"_blank\" rel=\"noopener\">Download the\u00a0abstract<\/a><\/p>\n<\/td>\n<td style=\"border: none;\">\n<p class=\"alignnone\" style=\"text-align: left;\"><a href=\"http:\/\/www.medaid-h2020.eu\/wp-content\/uploads\/2019\/04\/UC1_MedAID_EAFE2019.pdf\" target=\"_blank\" rel=\"noopener\"><img loading=\"lazy\" class=\"alignleft wp-image-2111\" src=\"http:\/\/www.medaid-h2020.eu\/wp-content\/uploads\/2018\/04\/adobe-24943-274x300.png\" alt=\"adobe-24943\" width=\"37\" height=\"41\" srcset=\"http:\/\/www.medaid-h2020.eu\/wp-content\/uploads\/2018\/04\/adobe-24943-274x300.png 274w, http:\/\/www.medaid-h2020.eu\/wp-content\/uploads\/2018\/04\/adobe-24943-768x840.png 768w, http:\/\/www.medaid-h2020.eu\/wp-content\/uploads\/2018\/04\/adobe-24943-937x1024.png 937w, http:\/\/www.medaid-h2020.eu\/wp-content\/uploads\/2018\/04\/adobe-24943.png 1756w\" sizes=\"(max-width: 37px) 100vw, 37px\" \/><\/a><a href=\"http:\/\/www.medaid-h2020.eu\/wp-content\/uploads\/2019\/04\/UC1_MedAID_EAFE2019.pdf\" target=\"_blank\" rel=\"noopener\">Download the\u00a0presentation<\/a><\/p>\n<\/td>\n<\/tr>\n<\/tbody>\n<\/table>\n<hr \/>\n<p><strong>Demand and price dynamics in the seabass and seabream international market<br \/>\n<\/strong>Jos\u00e9 FERN\u00c1NDEZ POLANCO, Ignacio LLORENTE, Trond BJORNDAL, Frank ASCHE, Maria COZZOLINO, Lamprakis AVDELAS, Nada BOUGOUSS<\/p>\n<table style=\"border: none; background: transparent;\">\n<tbody>\n<tr style=\"background: transparent;\">\n<td style=\"border: none;\">\n<p style=\"text-align: LEFT;\"><a href=\"http:\/\/www.medaid-h2020.eu\/wp-content\/uploads\/2019\/04\/Abstract_EAFE2019_FdezPolanco-et-al_UC.pdf\" target=\"_blank\" rel=\"noopener\"><img loading=\"lazy\" class=\"alignleft wp-image-2111\" src=\"http:\/\/www.medaid-h2020.eu\/wp-content\/uploads\/2018\/04\/adobe-24943-274x300.png\" alt=\"adobe-24943\" width=\"37\" height=\"41\" srcset=\"http:\/\/www.medaid-h2020.eu\/wp-content\/uploads\/2018\/04\/adobe-24943-274x300.png 274w, http:\/\/www.medaid-h2020.eu\/wp-content\/uploads\/2018\/04\/adobe-24943-768x840.png 768w, http:\/\/www.medaid-h2020.eu\/wp-content\/uploads\/2018\/04\/adobe-24943-937x1024.png 937w, http:\/\/www.medaid-h2020.eu\/wp-content\/uploads\/2018\/04\/adobe-24943.png 1756w\" sizes=\"(max-width: 37px) 100vw, 37px\" \/><\/a><a href=\"http:\/\/www.medaid-h2020.eu\/wp-content\/uploads\/2019\/04\/Abstract_EAFE2019_FdezPolanco-et-al_UC.pdf\" target=\"_blank\" rel=\"noopener\">Download the\u00a0abstract<\/a><\/p>\n<\/td>\n<td style=\"border: none;\">\n<p class=\"alignnone\" style=\"text-align: left;\"><a href=\"http:\/\/www.medaid-h2020.eu\/wp-content\/uploads\/2019\/04\/UC2_MedAID_EAFE2019.pdf\" target=\"_blank\" rel=\"noopener\"><img loading=\"lazy\" class=\"alignleft wp-image-2111\" src=\"http:\/\/www.medaid-h2020.eu\/wp-content\/uploads\/2018\/04\/adobe-24943-274x300.png\" alt=\"adobe-24943\" width=\"37\" height=\"41\" srcset=\"http:\/\/www.medaid-h2020.eu\/wp-content\/uploads\/2018\/04\/adobe-24943-274x300.png 274w, http:\/\/www.medaid-h2020.eu\/wp-content\/uploads\/2018\/04\/adobe-24943-768x840.png 768w, http:\/\/www.medaid-h2020.eu\/wp-content\/uploads\/2018\/04\/adobe-24943-937x1024.png 937w, http:\/\/www.medaid-h2020.eu\/wp-content\/uploads\/2018\/04\/adobe-24943.png 1756w\" sizes=\"(max-width: 37px) 100vw, 37px\" \/><\/a><a href=\"http:\/\/www.medaid-h2020.eu\/wp-content\/uploads\/2019\/04\/UC2_MedAID_EAFE2019.pdf\" target=\"_blank\" rel=\"noopener\">Download the\u00a0presentation<\/a><\/p>\n<\/td>\n<\/tr>\n<\/tbody>\n<\/table>\n<hr \/>\n<p><strong>Overview of the economic situation of seabream and seabass companies in the Mediterranean area<br \/>\n<\/strong>Elisa BARAIBAR, Mar\u00eda ODRIOZOLA, Ignacio LLORENTE, Jos\u00e9 Manuel FERN\u00c1NDEZ POLANCO, Jos\u00e9 Luis FERN\u00c1NDEZ S\u00c1NCHEZ, Manuel LUNA, Ladislao LUNA<\/p>\n<table style=\"border: none; background: transparent;\">\n<tbody>\n<tr style=\"background: transparent;\">\n<td style=\"border: none;\">\n<p style=\"text-align: LEFT;\"><a href=\"http:\/\/www.medaid-h2020.eu\/wp-content\/uploads\/2019\/04\/Abstract_EAFE2019_Baraibar-et-al_UC.pdf\" target=\"_blank\" rel=\"noopener\"><img loading=\"lazy\" class=\"alignleft wp-image-2111\" src=\"http:\/\/www.medaid-h2020.eu\/wp-content\/uploads\/2018\/04\/adobe-24943-274x300.png\" alt=\"adobe-24943\" width=\"37\" height=\"41\" srcset=\"http:\/\/www.medaid-h2020.eu\/wp-content\/uploads\/2018\/04\/adobe-24943-274x300.png 274w, http:\/\/www.medaid-h2020.eu\/wp-content\/uploads\/2018\/04\/adobe-24943-768x840.png 768w, http:\/\/www.medaid-h2020.eu\/wp-content\/uploads\/2018\/04\/adobe-24943-937x1024.png 937w, http:\/\/www.medaid-h2020.eu\/wp-content\/uploads\/2018\/04\/adobe-24943.png 1756w\" sizes=\"(max-width: 37px) 100vw, 37px\" \/><\/a><a href=\"http:\/\/www.medaid-h2020.eu\/wp-content\/uploads\/2019\/04\/Abstract_EAFE2019_Baraibar-et-al_UC.pdf\" target=\"_blank\" rel=\"noopener\">Download the\u00a0abstract<\/a><\/p>\n<\/td>\n<td style=\"border: none;\">\n<p class=\"alignnone\" style=\"text-align: left;\"><a href=\"http:\/\/www.medaid-h2020.eu\/wp-content\/uploads\/2019\/04\/UC3_MedAID_EAFE2019.pdf\" target=\"_blank\" rel=\"noopener\"><img loading=\"lazy\" class=\"alignleft wp-image-2111\" src=\"http:\/\/www.medaid-h2020.eu\/wp-content\/uploads\/2018\/04\/adobe-24943-274x300.png\" alt=\"adobe-24943\" width=\"37\" height=\"41\" srcset=\"http:\/\/www.medaid-h2020.eu\/wp-content\/uploads\/2018\/04\/adobe-24943-274x300.png 274w, http:\/\/www.medaid-h2020.eu\/wp-content\/uploads\/2018\/04\/adobe-24943-768x840.png 768w, http:\/\/www.medaid-h2020.eu\/wp-content\/uploads\/2018\/04\/adobe-24943-937x1024.png 937w, http:\/\/www.medaid-h2020.eu\/wp-content\/uploads\/2018\/04\/adobe-24943.png 1756w\" sizes=\"(max-width: 37px) 100vw, 37px\" \/><\/a><a href=\"http:\/\/www.medaid-h2020.eu\/wp-content\/uploads\/2019\/04\/UC3_MedAID_EAFE2019.pdf\" target=\"_blank\" rel=\"noopener\">Download the\u00a0presentation<\/a><\/p>\n<\/td>\n<\/tr>\n<\/tbody>\n<\/table>\n<hr \/>\n<p><strong>The Social Acceptability of aquaculture. Emergence, utility and amalgams of a new framework to address an old social issue in policy making<\/strong><br \/>\nJos\u00e9 A. P\u00c9REZ, Marianna CAVALLO, Pascal RAUX<\/p>\n<table style=\"border: none; background: transparent;\">\n<tbody>\n<tr style=\"background: transparent;\">\n<td style=\"border: none;\">\n<p style=\"text-align: LEFT;\"><a href=\"http:\/\/www.medaid-h2020.eu\/wp-content\/uploads\/2019\/04\/Abstract_EAFE2019_Perez.pdf\" target=\"_blank\" rel=\"noopener\"><img loading=\"lazy\" class=\"alignleft wp-image-2111\" src=\"http:\/\/www.medaid-h2020.eu\/wp-content\/uploads\/2018\/04\/adobe-24943-274x300.png\" alt=\"adobe-24943\" width=\"37\" height=\"41\" srcset=\"http:\/\/www.medaid-h2020.eu\/wp-content\/uploads\/2018\/04\/adobe-24943-274x300.png 274w, http:\/\/www.medaid-h2020.eu\/wp-content\/uploads\/2018\/04\/adobe-24943-768x840.png 768w, http:\/\/www.medaid-h2020.eu\/wp-content\/uploads\/2018\/04\/adobe-24943-937x1024.png 937w, http:\/\/www.medaid-h2020.eu\/wp-content\/uploads\/2018\/04\/adobe-24943.png 1756w\" sizes=\"(max-width: 37px) 100vw, 37px\" \/><\/a><a href=\"http:\/\/www.medaid-h2020.eu\/wp-content\/uploads\/2019\/04\/Abstract_EAFE2019_Perez.pdf\" target=\"_blank\" rel=\"noopener\">Download the\u00a0abstract<\/a><\/p>\n<\/td>\n<td style=\"border: none;\">\n<p class=\"alignnone\" style=\"text-align: left;\"><a href=\"http:\/\/www.medaid-h2020.eu\/wp-content\/uploads\/2019\/04\/Perez_MedAID_session.pdf\" target=\"_blank\" rel=\"noopener\"><img loading=\"lazy\" class=\"alignleft wp-image-2111\" src=\"http:\/\/www.medaid-h2020.eu\/wp-content\/uploads\/2018\/04\/adobe-24943-274x300.png\" alt=\"adobe-24943\" width=\"37\" height=\"41\" srcset=\"http:\/\/www.medaid-h2020.eu\/wp-content\/uploads\/2018\/04\/adobe-24943-274x300.png 274w, http:\/\/www.medaid-h2020.eu\/wp-content\/uploads\/2018\/04\/adobe-24943-768x840.png 768w, http:\/\/www.medaid-h2020.eu\/wp-content\/uploads\/2018\/04\/adobe-24943-937x1024.png 937w, http:\/\/www.medaid-h2020.eu\/wp-content\/uploads\/2018\/04\/adobe-24943.png 1756w\" sizes=\"(max-width: 37px) 100vw, 37px\" \/><\/a><a href=\"http:\/\/www.medaid-h2020.eu\/wp-content\/uploads\/2019\/04\/Perez_MedAID_session.pdf\" target=\"_blank\" rel=\"noopener\">Download the\u00a0presentation<\/a><\/p>\n<\/td>\n<\/tr>\n<\/tbody>\n<\/table>\n<p>&nbsp;<\/p>\n","protected":false},"excerpt":{"rendered":"<p>Venue: Santiago de Compostela, Spain Date:\u00a02-4 April 2019 Web of the event:\u00a0www.eafeconference2019.eu\/index.php Measuring the impact of mass media on consumers purchase of aquaculture products \u00c1ngel HERRERO, Mar\u00eda del Mar GARC\u00cdA-DE-LOS-SALMONES, Jos\u00e9 Manuel FERN\u00c1NDEZ, Jes\u00fas COLLADO, Andrea P\u00c9REZ, H\u00e9ctor SAN MART\u00cdN Download the\u00a0abstract Download the\u00a0presentation Demand and price dynamics in the seabass and seabream international market&hellip;<\/p>\n","protected":false},"author":3,"featured_media":0,"parent":0,"menu_order":0,"comment_status":"closed","ping_status":"closed","template":"","meta":[],"_links":{"self":[{"href":"http:\/\/www.medaid-h2020.eu\/index.php\/wp-json\/wp\/v2\/pages\/3122"}],"collection":[{"href":"http:\/\/www.medaid-h2020.eu\/index.php\/wp-json\/wp\/v2\/pages"}],"about":[{"href":"http:\/\/www.medaid-h2020.eu\/index.php\/wp-json\/wp\/v2\/types\/page"}],"author":[{"embeddable":true,"href":"http:\/\/www.medaid-h2020.eu\/index.php\/wp-json\/wp\/v2\/users\/3"}],"replies":[{"embeddable":true,"href":"http:\/\/www.medaid-h2020.eu\/index.php\/wp-json\/wp\/v2\/comments?post=3122"}],"version-history":[{"count":10,"href":"http:\/\/www.medaid-h2020.eu\/index.php\/wp-json\/wp\/v2\/pages\/3122\/revisions"}],"predecessor-version":[{"id":3287,"href":"http:\/\/www.medaid-h2020.eu\/index.php\/wp-json\/wp\/v2\/pages\/3122\/revisions\/3287"}],"wp:attachment":[{"href":"http:\/\/www.medaid-h2020.eu\/index.php\/wp-json\/wp\/v2\/media?parent=3122"}],"curies":[{"name":"wp","href":"https:\/\/api.w.org\/{rel}","templated":true}]}}