



{"id":2126,"date":"2018-04-27T12:47:15","date_gmt":"2018-04-27T10:47:15","guid":{"rendered":"http:\/\/www.medaid-h2020.eu\/?page_id=2126"},"modified":"2018-06-04T17:23:36","modified_gmt":"2018-06-04T15:23:36","slug":"xvi-spains-aquaculture-national-congress","status":"publish","type":"page","link":"http:\/\/www.medaid-h2020.eu\/index.php\/xvi-spains-aquaculture-national-congress\/","title":{"rendered":"XVI Spain\u2019s Aquaculture National Congress"},"content":{"rendered":"<p><img loading=\"lazy\" class=\"aligncenter size-full wp-image-2137\" src=\"http:\/\/www.medaid-h2020.eu\/wp-content\/uploads\/2018\/04\/CabeceraCNAzgz2017.jpg\" alt=\"CabeceraCNAzgz2017\" width=\"1193\" height=\"225\" srcset=\"http:\/\/www.medaid-h2020.eu\/wp-content\/uploads\/2018\/04\/CabeceraCNAzgz2017.jpg 1193w, http:\/\/www.medaid-h2020.eu\/wp-content\/uploads\/2018\/04\/CabeceraCNAzgz2017-300x57.jpg 300w, http:\/\/www.medaid-h2020.eu\/wp-content\/uploads\/2018\/04\/CabeceraCNAzgz2017-768x145.jpg 768w, http:\/\/www.medaid-h2020.eu\/wp-content\/uploads\/2018\/04\/CabeceraCNAzgz2017-1024x193.jpg 1024w\" sizes=\"(max-width: 1193px) 100vw, 1193px\" \/><\/p>\n<p><strong>Venue:<\/strong>\u00a0Zaragoza, Spain<br \/>\n<strong>Date:<\/strong>\u00a03-5 October 2017<br \/>\n<strong>Web of the event:\u00a0<\/strong><a href=\"http:\/\/www.seacongresos.org\/\" target=\"_blank\">http:\/\/www.seacongresos.org\/<\/a><\/p>\n<p><strong>The MedAID H2020 project: Mediterranean Aquaculture Integrated Development<br \/>\n<\/strong>Bernardo BASURCO, Antonio LOPEZ-FRANCOS, Crist\u00f3bal AGUILERA, Alicia ESTEVEZ, Anna SONESSON, Edgar BRUN, Irene PERAL, Jos\u00e9 Manuel FERN\u00c1NDEZ POLANCO, Jos\u00e9 PEREZ, Dolores FURONES<\/p>\n<p><strong>Abstract:<br \/>\n<\/strong>The MedAID project (Mediterranean Aquaculture Integrated Development) is a four-year project (starting May 2017) funded by the H2020 Program of the EU, with the aim of increasing the competitiveness and sustainability of the Mediterranean marine fish aquaculture sector along its value chain, by improving its technical productivity and economic performance with a market and consumer oriented approach and a higher social acceptability and better governance. The project, coordinated by the Mediterranean Agronomic Institute of Zaragoza (IAMZ-CIHEAM) with the collaboration of IRTA Aquaculture Centre of Sant Carles de la R\u00e0pita, brings together 34 R&amp;D organizations from Europe and some non-European Mediterranean countries.<\/p>\n<p class=\"alignnone\"><a href=\"http:\/\/www.medaid-h2020.eu\/wp-content\/uploads\/2018\/04\/Abstract_MedAID_AquacultureEurope17-2pp.pdf\" target=\"_blank\"><img loading=\"lazy\" class=\"wp-image-2111 alignleft\" src=\"http:\/\/www.medaid-h2020.eu\/wp-content\/uploads\/2018\/04\/adobe-24943-274x300.png\" alt=\"adobe-24943\" width=\"37\" height=\"41\" srcset=\"http:\/\/www.medaid-h2020.eu\/wp-content\/uploads\/2018\/04\/adobe-24943-274x300.png 274w, http:\/\/www.medaid-h2020.eu\/wp-content\/uploads\/2018\/04\/adobe-24943-768x840.png 768w, http:\/\/www.medaid-h2020.eu\/wp-content\/uploads\/2018\/04\/adobe-24943-937x1024.png 937w, http:\/\/www.medaid-h2020.eu\/wp-content\/uploads\/2018\/04\/adobe-24943.png 1756w\" sizes=\"(max-width: 37px) 100vw, 37px\" \/><\/a><a href=\"http:\/\/www.medaid-h2020.eu\/wp-content\/uploads\/2018\/04\/Abstract_MedAID_CNA_Zaragoza_2017-2pp.pdf\" target=\"_blank\">Download the article<\/a><\/p>\n","protected":false},"excerpt":{"rendered":"<p>Venue:\u00a0Zaragoza, Spain Date:\u00a03-5 October 2017 Web of the event:\u00a0http:\/\/www.seacongresos.org\/ The MedAID H2020 project: Mediterranean Aquaculture Integrated Development Bernardo BASURCO, Antonio LOPEZ-FRANCOS, Crist\u00f3bal AGUILERA, Alicia ESTEVEZ, Anna SONESSON, Edgar BRUN, Irene PERAL, Jos\u00e9 Manuel FERN\u00c1NDEZ POLANCO, Jos\u00e9 PEREZ, Dolores FURONES Abstract: The MedAID project (Mediterranean Aquaculture Integrated Development) is a four-year project (starting May 2017) funded&hellip;<\/p>\n","protected":false},"author":3,"featured_media":0,"parent":0,"menu_order":0,"comment_status":"closed","ping_status":"closed","template":"","meta":[],"_links":{"self":[{"href":"http:\/\/www.medaid-h2020.eu\/index.php\/wp-json\/wp\/v2\/pages\/2126"}],"collection":[{"href":"http:\/\/www.medaid-h2020.eu\/index.php\/wp-json\/wp\/v2\/pages"}],"about":[{"href":"http:\/\/www.medaid-h2020.eu\/index.php\/wp-json\/wp\/v2\/types\/page"}],"author":[{"embeddable":true,"href":"http:\/\/www.medaid-h2020.eu\/index.php\/wp-json\/wp\/v2\/users\/3"}],"replies":[{"embeddable":true,"href":"http:\/\/www.medaid-h2020.eu\/index.php\/wp-json\/wp\/v2\/comments?post=2126"}],"version-history":[{"count":6,"href":"http:\/\/www.medaid-h2020.eu\/index.php\/wp-json\/wp\/v2\/pages\/2126\/revisions"}],"predecessor-version":[{"id":2458,"href":"http:\/\/www.medaid-h2020.eu\/index.php\/wp-json\/wp\/v2\/pages\/2126\/revisions\/2458"}],"wp:attachment":[{"href":"http:\/\/www.medaid-h2020.eu\/index.php\/wp-json\/wp\/v2\/media?parent=2126"}],"curies":[{"name":"wp","href":"https:\/\/api.w.org\/{rel}","templated":true}]}}